se 0 = -q + 4*u - 0*u - 64, 16 = -4*u. Let z be (2/(-4))/((-5)/q*-2). What is the highest common factor of z and 68?
4
Let b(l) = 15*l**2 + l - 6. Let f be b(-3). Suppose 0 = -3*q - 3*q + f. What is the greatest common factor of q and 231?
21
Suppose -50*h = -52*h + 522. What is the greatest common divisor of 29 and h?
29
Let i = -116 - -68. Let o = 143 + i. What is the highest common factor of o and 19?
19
Suppose -t + j = 0, 4*t - t = 2*j + 4. Suppose -3*a = -m + 23, 2*m - t*a + 30 = 5*m. What is the greatest common divisor of m and 98?
14
Let f(v) = 2*v**3 + 11*v**2 + 15*v + 29. Let z be f(-4). What is the highest common divisor of 221 and z?
17
Let i = -569 - -1973. Calculate the greatest common divisor of i and 39.
39
Let y(i) = i**3 + 4*i**2 + i + 60. Let l(b) = -b**3 + 6*b**2 - 10*b + 3. Let s be l(3). Let a be y(s). Calculate the highest common divisor of a and 10.
10
Suppose -2*o - 22 + 204 = k, 0 = 5*k - 5*o - 970. Calculate the greatest common divisor of 342 and k.
38
Suppose -199 = -3*f - 4*l, -5*l + 3 = -2. Calculate the highest common factor of 715 and f.
65
Let t(q) = -2*q - 6. Let y(l) = -2*l - 6. Let f(i) = -7*t(i) + 6*y(i). Let h be f(-5). Let o be (-6)/h + 8/16. What is the greatest common factor of 2 and o?
2
Suppose 2*h + 683 = 1101. Let i be (-2)/4 - 78/(-4). What is the greatest common divisor of i and h?
19
Let g(u) = -u + 30. Let m be g(-38). Calculate the greatest common factor of 476 and m.
68
Suppose -5*a - 1941 = -441. Let k be ((-2)/4)/(-5 - 1495/a). Calculate the highest common divisor of k and 75.
15
Let x = 2220 + -720. What is the greatest common factor of x and 60?
60
Suppose 1060 = 5*v - 520. Calculate the highest common factor of 79 and v.
79
Suppose -p = 2*b, 0*p - 4*b = -2*p - 40. Let n be (-1568)/(-12) + p/15. Calculate the greatest common divisor of 26 and n.
26
Let g(j) be the third derivative of j**6/120 + j**5/60 - j**3/3 + 2*j**2. Let h be g(3). Let v = h + -3. Calculate the greatest common factor of 341 and v.
31
Suppose i - 31 = -3*g + 6*i, 5*g = -2*i. Suppose -q - 1 = -g. Let s be (4 + -1 - q) + 7. What is the highest common divisor of s and 9?
9
Let k(o) = o**2 - 7*o - 2. Let a be k(8). Let j be (a - -1)/((-1)/(-3)). Calculate the highest common factor of j and 21.
21
Let x = 36 - 22. Suppose 3*r - 17 = -2*g, g - r = -0*g + 16. Suppose -7 - 84 = -g*z. What is the greatest common divisor of z and x?
7
Let p be 19 + -15 - (2/1 - 9). Let z be ((-8)/4)/((-1)/2). Suppose -2*i - 132 = -z*i. Calculate the greatest common factor of i and p.
11
Suppose 1022 + 490 = 8*y. Calculate the greatest common divisor of 21 and y.
21
Suppose -b = -4 + 2, 0 = -4*u - 4*b - 24. Let a = 0 - u. Suppose 2*y - 22 = a. Calculate the greatest common factor of 15 and y.
15
Suppose f - 2*w - 49 = 0, 0 = 4*f + 4*w - 286 + 42. Calculate the highest common divisor of f and 76.
19
Suppose 11 = 4*s - 85. Suppose -2*w = 5*f - f + 14, 0 = 3*w - 3*f - s. Let a be (60/(-8))/(w/(-30)). What is the highest common factor of a and 15?
15
Let d = -59 + 73. Let j(o) = -5*o. Let k be j(-1). Suppose -k*s + 120 = -90. Calculate the highest common divisor of d and s.
14
Suppose -471 = -50*q + 3279. What is the highest common divisor of q and 1725?
75
Suppose -30*h + 1615 = -545. What is the highest common factor of 45 and h?
9
Let q be (-10)/4*-2 - 0. Let x = 127 - 123. Suppose 0 = -q*z + x*z + 1. Calculate the highest common factor of z and 2.
1
Suppose 2*z - 34 - 20 = 0. What is the greatest common divisor of z and 33?
3
Let k(a) = -a**3 + 8*a**2 - 4*a - 12. Let u be k(6). Suppose u = 6*z - 2*z. What is the highest common divisor of 12 and z?
3
Let s be 30/(-90)*(1 + -16 + 3). Calculate the greatest common divisor of 18 and s.
2
Suppose 0 = 2*r - 7*r. Suppose r = 3*s - z + 5*z - 188, 0 = s + z - 62. What is the greatest common divisor of s and 12?
12
Let q(d) = -26*d - 499. Let u be q(-20). Let j be (-672)/(-4) - 0/(-1). What is the greatest common divisor of j and u?
21
Let s be -2 - (3 + -7 + -8). Let w be s - 1*(4 - 1). Let h = 78 + -43. Calculate the greatest common divisor of h and w.
7
Let y(t) = t**2 + 2*t - 312. Let a be y(17). Calculate the greatest common divisor of 2420 and a.
11
Suppose 5*q + 16263 = 10*q + 3*b, -6526 = -2*q + 4*b. Calculate the greatest common factor of 105 and q.
105
Suppose 37 = -5*o + 8*o - y, -53 = -2*o - 5*y. What is the greatest common factor of 182 and o?
14
Let f be (-32)/4 + 0 - -92. What is the highest common factor of 8 and f?
4
Suppose 3*k - 2*x = 50, -11*k + 12*k = -4*x + 26. Calculate the greatest common factor of 78 and k.
6
Let u be (-1 + -6)*6/(-21). Suppose -u*p = 3*p. Suppose -3*t - 5*j = -8*t + 55, p = 3*j + 9. What is the greatest common divisor of t and 12?
4
Let i be (-112)/(-12)*(-6)/(-4). Let f be -4 + 1/((-1)/(-60)). Suppose -3*v = v - f. What is the highest common factor of i and v?
14
Suppose 138*q = 128*q + 6930. What is the highest common divisor of q and 252?
63
Let i(o) = -o**3 - 3*o**2 + 6*o - 6. Let p be i(-5). Suppose t - 51 = -30. What is the greatest common factor of p and t?
7
Let l = 118 + 52. Calculate the greatest common divisor of l and 102.
34
Let z(h) = 86*h - 4466. Let k be z(52). Let u be (-2)/4 + 10/4. Calculate the greatest common factor of k and u.
2
Let h = 50 + -48. Let r = 11 - 7. What is the greatest common divisor of h and r?
2
Let s be (-137)/(-11) - 9 - (-6)/11. Let n(a) = a**3 + 2*a**2 - 3*a + 4. Let k be n(-3). What is the highest common factor of k and s?
4
Let y(a) = -a - 2. Let k be y(-4). Let o be (4/22)/((-10)/(-110)). Suppose 2*t - 2*s - 10 = o, -4*t + 6 = 2*s. Calculate the greatest common divisor of t and k.
1
Let j(m) = 34*m + 365. Let a be j(-10). What is the greatest common factor of a and 725?
25
Suppose -u - 5 = 5*g, -20 = -g - 3*u + 7*u. Suppose g = -13*p + 502 + 70. Calculate the highest common divisor of p and 4.
4
Suppose 0 = g + 4065 - 6873. Calculate the greatest common factor of g and 104.
104
Suppose 72 = 2*c + 2*a, 2*c - 41 - 45 = 5*a. Let g be 37 + 1 + 0/(-1). What is the greatest common factor of g and c?
38
Suppose 6*k + 2 = u, 0 = -5*u + 4*k + 10 + 130. What is the highest common factor of u and 2?
2
Let k = -19 + 15. Let l be (-188)/(-8) + (-2)/k. Let a = 229 - 133. Calculate the highest common factor of l and a.
24
Suppose 2*k - 558 = -2*q, k + 2*q = -0*k + 278. What is the greatest common factor of 35 and k?
35
Suppose 20 = -2*o + 26. Suppose v + 39 + 57 = 5*a, -o*v = 2*a - 52. Calculate the greatest common divisor of 4 and a.
4
Let w be (60/150 + (-484)/10)*-7. What is the highest common divisor of w and 448?
112
Let r(z) = -11*z + 1. Let h be r(1). Let j(n) = -5*n + 24. Let d be j(0). Let c = d + h. Calculate the highest common factor of 42 and c.
14
Let h(y) = 2*y**3 + 23*y**2 - 12*y + 27. Let z be h(-12). Calculate the greatest common factor of z and 117.
9
Let s = 218 - 118. Suppose -5*o + 120 = -s. Let r(g) = 11*g**2 + g - 1. Let v be r(1). What is the highest common factor of v and o?
11
Suppose -5*h = -h - 180. Let d be (18/27)/(4/(-102)). Let c = d + h. Calculate the greatest common divisor of c and 70.
14
Suppose -5*u = n - 273, 2*u - n = 5*u - 165. Let q be -1 + u/(-4)*-2. What is the highest common factor of q and 208?
26
Suppose 511*p = 510*p + 48. Calculate the highest common factor of p and 114.
6
Suppose 0 = 4*y, -2*o + 2*y - 22 = -64. Suppose 24*n = o*n + 24. What is the highest common factor of 8 and n?
8
Suppose 4*r = 5*s - 2633, 0 = -2*r + 6*r + 8. Suppose 0*t + 5*t = s. Calculate the highest common divisor of 21 and t.
21
Let w(y) = 2*y**3 - y**2 + 3*y - 2. Let t be w(3). Let v = 331 - 140. Let i = v + -113. Calculate the greatest common divisor of i and t.
26
Suppose -2*l - r = -75 - 130, r = 5. Calculate the highest common factor of l and 350.
50
Suppose s = -4*k + 24, 25 = 2*s - 5*k + 3. Suppose 4*u = -s, 2*y - 20 = -u + 12. What is the greatest common divisor of 2 and y?
2
Suppose -m + b = 3 + 3, 4*b + 30 = -2*m. Let p be -1 - 3/m - (-595)/15. What is the highest common divisor of 273 and p?
39
Suppose 41*d - 20150 - 5270 = 0. What is the highest common divisor of d and 20?
20
Let r be ((-6)/(-2))/6*576. Let i be 128/28*(-7)/(-2). Calculate the greatest common divisor of r and i.
16
Suppose -13*r +